ve n(3).
47
Let s(n) = 66*n - 2450. Calculate s(37).
-8
Let s(a) = a**3 + 9*a**2 - 138*a - 1303. Calculate s(-10).
-23
Let f(a) = -a**2 - 3*a - 23. Calculate f(-18).
-293
Let z(x) = 3*x**3 - 4*x**2 + 2*x + 49. Determine z(0).
49
Let f(z) = 1774*z - 12444. Calculate f(7).
-26
Let f(d) = -d**2 - 16*d + 40. What is f(-10)?
100
Let u(l) = -l**2 - 26*l + 91. Calculate u(-33).
-140
Let a(c) = -10*c**3 - 217*c - 218. Give a(-1).
9
Let h(c) = 5*c**2 - 33*c + 85. Determine h(10).
255
Let n(c) = c**3 - 7*c**2 + 19*c - 12. Calculate n(6).
66
Let n(p) = -6052*p + 48454. Calculate n(8).
38
Let f(j) = -3*j**2 - 558*j - 1099. What is f(-184)?
5
Let z(u) = -2*u**2 - 34*u - 141. Determine z(-11).
-9
Let c(b) = 2*b**3 - 31*b**2 - 15*b - 8. What is c(16)?
8
Let y(d) = 2*d**2 + 37*d - 38. What is y(-17)?
-89
Let u(m) = -74*m - 2490. What is u(-34)?
26
Let c(i) = i**3 - 30*i**2 + 58*i - 1. What is c(2)?
3
Let h(l) = -2*l**2 - 1677*l + 10116. Calculate h(6).
-18
Let a(n) = 33*n + 469. Determine a(-14).
7
Let r(i) = -14*i - 140. Determine r(-26).
224
Let k(b) = -b**2 - 13*b + 79. Give k(-24).
-185
Let s(v) = 11*v + 107. Give s(-12).
-25
Let q(h) = -57*h - 566. Determine q(-5).
-281
Let u(n) = 27*n - 467. Give u(17).
-8
Let w(a) = -a**3 - 3*a**2 - 13*a. Calculate w(-7).
287
Let f(d) = d**3 + 42*d**2 - 60*d + 3379. Determine f(-45).
4
Let v(j) = j**2 + 838*j + 152756. Calculate v(-268).
-4
Let r(f) = 124*f + 248. Determine r(2).
496
Let g(f) = 17*f**2 + f + 1. Give g(2).
71
Let x(z) = -z**3 - 23*z**2 - 23*z + 80. Calculate x(-22).
102
Let k(o) = -o**3 - 76*o**2 + 159*o + 237. What is k(-78)?
3
Let p(i) = 19*i**3 - 2*i**2 + 2*i - 1. What is p(1)?
18
Let w(a) = 87*a + 777. Determine w(-5).
342
Let x(l) = l**3 - 3*l**2 - l - 86. What is x(0)?
-86
Let m(z) = 17*z**2 - 20*z - 18. Give m(-1).
19
Let j(m) = 25*m + 360. Give j(-15).
-15
Let v(x) = 223*x + 5139. Give v(-23).
10
Let v(s) = 2*s**3 + 58*s**2 - 122*s + 67. What is v(-31)?
5
Let w(y) = -7*y**2 + 90*y + 26. Calculate w(6).
314
Let t(n) = -2*n**2 - 31*n + 256. What is t(6)?
-2
Let h(f) = f**3 - 22*f**2 + 82*f - 20. Calculate h(20).
820
Let n(t) = -48*t - 115. What is n(-6)?
173
Let z(j) = -j**2 + 17*j - 324. Calculate z(18).
-342
Let q(t) = -t**2 + 10*t + 8. Determine q(-1).
-3
Let q(h) = h**3 - 6*h**2 - 11*h + 4. Calculate q(5).
-76
Let v(p) = -2*p**2 - 27*p - 86. What is v(-6)?
4
Let v(w) = -29*w**3 - w**2 + 2*w + 3. Give v(-1).
29
Let i(o) = -92*o - 1384. Give i(-15).
-4
Let l(a) = -a**3 + a**2 - 27*a + 107. Give l(3).
8
Let p(q) = -q**3 + 36*q**2 - 306*q + 126. Determine p(13).
35
Let k(p) = -166*p - 847. Give k(-5).
-17
Let z(c) = -3*c**2 + 88*c - 24. Calculate z(29).
5
Let l(m) = -2*m**2 - 25*m + 511. Determine l(-26).
-191
Let g(x) = -x**3 + 187*x**2 - 1597*x - 41. Calculate g(9).
4
Let a(n) = -2*n**3 + 42*n**2 + 14*n - 72. Calculate a(19).
1638
Let t(p) = -p**3 - 15*p**2 + 39*p + 576. Give t(-15).
-9
Let u(a) = -216*a**3 + 3*a**2 - 6*a + 3. What is u(1)?
-216
Let i(o) = -o**3 - o**2 + 27*o. What is i(5)?
-15
Let x(y) = -2*y**2 - 11*y - 13. Determine x(-6).
-19
Let z(v) = v - 15. Give z(21).
6
Let w(c) = c**2 + 31*c - 118. What is w(-33)?
-52
Let f(y) = 14*y**2 + 90*y + 40. Give f(-6).
4
Let y(d) = -40*d - 381. Calculate y(-9).
-21
Let r(l) = -200*l + 392. Give r(2).
-8
Let a(n) = -4*n**2 + 391*n + 784. Calculate a(-2).
-14
Let v(d) = -d**3 + 10*d**2 + 95*d - 412. Calculate v(-8).
-20
Let k(a) = 12*a**3 + 2*a**2 + 6*a - 7. What is k(1)?
13
Let s(u) = 4*u**3 + 14*u**2 - u - 4. Calculate s(-4).
-32
Let t(l) = 72*l + 3577. Determine t(-50).
-23
Let g(d) = 55*d - 349. Determine g(18).
641
Let q(f) = 2*f**3 - 7*f**2 + 17*f - 63. Determine q(4).
21
Let k(x) = 2*x**2 - 8*x - 57. Calculate k(0).
-57
Let x(i) = -174*i - 486. Determine x(-3).
36
Let a(x) = -5*x**3 - 58*x**2 - 29*x - 19. Calculate a(-11).
-63
Let r(k) = 1031*k + 1014. Give r(-1).
-17
Let v(c) = 172*c + 2735. Determine v(-15).
155
Let l(m) = -2*m**3 + 49*m**2 - 226*m + 20. Give l(6).
-4
Let z(b) = 2*b**2 + 17*b - 347. Give z(9).
-32
Let o(k) = -130*k - 1097. Calculate o(-13).
593
Let z(o) = -34*o**2 - 102*o - 3. Give z(-3).
-3
Let o(s) = -s**2 - 24*s - 82. Determine o(-4).
-2
Let y(l) = l**2 + 117*l - 24617. What is y(-226)?
17
Let d(n) = n**2 - 298*n + 3437. Give d(286).
5
Let f(l) = 8*l**2 + 139*l - 573. Determine f(4).
111
Let f(r) = 698*r + 26531. Calculate f(-38).
7
Let c(n) = 3*n**2 + 287*n + 490. Calculate c(-94).
20
Let l(a) = -235*a - 299. Determine l(2).
-769
Let c(n) = -3*n**2 - 169*n - 1048. Give c(-7).
-12
Let r(o) = o**3 - 2*o**2 - 5*o + 289. Give r(0).
289
Let t(m) = 6848*m + 47927. Determine t(-7).
-9
Let j(z) = -36*z - 56. Give j(-2).
16
Let x(f) = f**3 - 31*f**2 + 5*f + 83. What is x(31)?
238
Let i(b) = 278*b + 1653. Calculate i(-6).
-15
Let p(k) = -1386*k + 103938. What is p(75)?
-12
Let t(z) = 2*z**3 + 25*z**2 + 121*z + 72. Give t(-6).
-186
Let z(m) = 204*m + 16113. Give z(-79).
-3
Let u(s) = -s**3 - 82*s**2 - 1422*s + 64. Give u(-25).
-11
Let z(m) = 26*m - 2071. What is z(83)?
87
Let x(j) = 7*j**2 + 70*j + 100. What is x(-12)?
268
Let r(g) = 33*g + 27. What is r(4)?
159
Let a(v) = -4*v**3 + 5*v**2 + 5*v - 3. What is a(-2)?
39
Let z(u) = u**3 + 58*u**2 - 524*u + 269. What is z(-66)?
5
Let d(c) = 19*c**2 - 2*c - 4. Give d(3).
161
Let k(o) = o**3 - 8*o**2 + 12*o + 11. Calculate k(3).
2
Let u(y) = 254*y + 976. What is u(-4)?
-40
Let p(s) = -11*s**2 + 1040*s - 4160. What is p(4)?
-176
Let n(g) = -g**3 - 14*g**2 - 38*g + 16. Calculate n(-10).
-4
Let y(u) = 772*u + 3562. Give y(-5).
-298
Let l(o) = 16*o**2 - 130*o - 140. Calculate l(-1).
6
Let k(d) = 106*d + 533. What is k(-5)?
3
Let t(y) = y**3 - y**2 - y + 33. Give t(0).
33
Let o(q) = -6*q - 8. What is o(-4)?
16
Let d(n) = n**2 - 30*n - 184. What is d(34)?
-48
Let a(w) = w**3 + 77*w**2 - 71*w + 557. Give a(-78).
11
Let b(h) = -h**2 + 296*h - 870. What is b(3)?
9
Let o(u) = -u**2 - 31*u - 42. Give o(-25).
108
Let g(i) = -9*i + 25. Give g(-3).
52
Let s(y) = y**3 + 22*y**2 - 1570*y - 4635. Calculate s(-51).
6
Let i(v) = -v**2 + 1339*v + 24405. What is i(-18)?
-21
Let d(f) = -1827*f - 10971. Give d(-6).
-9
Let q(a) = -86*a - 1811. What is q(-21)?
-5
Let n(k) = -6*k**2 - 45*k - 85. Calculate n(-2).
-19
Let k(q) = 39*q + 60. Give k(-2).
-18
Let v(a) = -a**2 - 5*a + 3655. Give v(-63).
1
Let l(w) = -47*w**2 + 2. Give l(2).
-186
Let m(j) = -217*j**2 - 16057*j + 81. What is m(-74)?
7
Let b(u) = 84*u + 3533. Calculate b(-42).
5
Let d(u) = -2*u**2 + 80*u + 1. Calculate d(39).
79
Let o(f) = -f**3 - 28*f**2 + 62*f + 34. Give o(-30).
-26
Let z(d) = -3*d**2 + 39*d - 8. What is z(6)?
118
Let r(t) = -136*t - 4411. Calculate r(-32).
-59
Let q(u) = u**3 - 2*u**2 + 218*u + 970. Determine q(-4).
2
Let k(w) = 3*w**2 - 36*w + 39. What is k(11)?
6
Let u(j) = 2*j**3 - 121*j**2 + 294*j - 236. Give u(58).
-4
Let x(p) = 47*p + 61. Give x(-1).
14
Let z(a) = -2*a**3 - 22*a**2 + 37*a + 162. Give z(-12).
6
Let h(o) = -156*o + 25124. Determine h(161).
8
Let l(s) = -147*s + 888. Determine l(7).
-141
Let n(d) = -3*d**3 + 63*d**2 + 38*d + 621. What is n(22)?
5
Let l(k) = 4*k - 31. Calculate l(-9).
-67
Let c(h) = -3*h + 164. Calculate c(55).
-1
Let c(h) = -114*h + 2170. Calculate c(19).
4
Let a(j) = 34*j - 1307. Calculate a(35).
-117
Let l(c) = 32*c - 402. Determine l(12).
-18
Let h(a) = a**3 - 5*a**2 + 12*a - 105. Determine h(6).
3
Let f(n) = 493*n - 1998. Calculate f(4).
-26
Let c(f) = 18*f + 64. Determine c(-6).
-44
Let d(c) = -51*c + 38. Determine d(2).
-64
Let l(u) = 4*u - 36. Give l(-5).
-56
Let i(h) = 3*h**3 - 158*h**2 + 109*h - 255. What is i(52)?
5
Let h(x) = -x**2 + 43*x + 3698. Calculate h(86).
0
Let y(a) = -6*a**2 + 296*a - 892. Determine y(3).
-58
Let g(u) = -13*u - 347. Determine g(-27).
4
Let p(x) = -35*x - 43. Determine p(0).
-43
Let c(l) = l**3 - 32*l**2 + 14*l + 544. What is c(31)?
17
Let s(n) = -50*n - 599. What is s(-11)?
-49
Let q(w) = -w**3 - 79*w**2 + 515*w + 402. Determine q(-85).
-23
Let v(x) = -x**3 - 14*x**2 - 74*x - 797. Calculate v(-13).
-4
Let i(v) = -161*v**3 + v**2 + 78*v - 80. Give i(1).
-162
Let b(k) = k**2 + 16*k - 17. Determine b(-20).
63
Let u(p) = 7*p**2 + 87*p - 143. What is u(-14)?
11
Let z(b) = b**3 + b**2 + 9*b + 21. Calculate z(-5).
-124
Let j(p) = -6*p**2 - 56*p + 14. Give j(-9)